of t.
5
Suppose 2*r - 3*r + 20 = -4*l, 4*l + 20 = 2*r. Let b = -5 + r. Let k(w) = -w**2 - 7*w - 5. What are the prime factors of k(b)?
5
Let f be 454/10 + (-26)/65. Let k = f + -26. List the prime factors of k.
19
Suppose 0 = 2*w + 2*w - 272. List the prime factors of w.
2, 17
Suppose 102 + 28 = 5*y. List the prime factors of y.
2, 13
Suppose 2*f = -0*f + 36. Let b be 10/3*f/12. Suppose -1 - b = -x. List the prime factors of x.
2, 3
Suppose 98 = w + 28. What are the prime factors of w?
2, 5, 7
Let i = 1 - 19. Let q = 9 - -17. Let f = i + q. List the prime factors of f.
2
Suppose 2*p - k = -2*p + 304, -p + 71 = k. List the prime factors of p.
3, 5
Suppose 4*n + 36 = -5*s, -2*s - s + 5*n - 29 = 0. Let u = s - -13. Suppose u*z = 2*z + 21. List the prime factors of z.
7
Let c be 2/(-5) + 214/10. Suppose 3*z - y - 5 - 3 = 0, -4*y = -z + c. Let g(x) = 12*x + 1. What are the prime factors of g(z)?
13
Suppose -11 = 4*m - 5*m. What are the prime factors of m?
11
Let b(l) = l**3 - 15*l**2 - 17*l + 19. Let m be b(16). Suppose m*w = -y + 74, 90 = -2*w + 6*w - 3*y. What are the prime factors of w?
2, 3
Let r(c) be the first derivative of -c**3/3 - 11*c**2/2 - 11*c + 3. List the prime factors of r(-8).
13
What are the prime factors of ((-39)/2)/((-15)/130)?
13
Let f(n) = -n**3 - 12*n**2 + 15*n + 19. Let h be f(-13). Let a = h + 27. What are the prime factors of a?
2, 5
Let r(g) = -3*g + 5. What are the prime factors of r(-4)?
17
Let a(w) = w**2 - 1. Let x be a(1). Suppose 2*l + 0*l - 18 = 0. Suppose x = -4*u + l + 3. List the prime factors of u.
3
Let c(t) = 4*t**3 - t**2 + 2*t - 1. Let r = 1 + 0. What are the prime factors of c(r)?
2
Suppose -b = 3*b - 16. List the prime factors of b.
2
Let k be (-186)/8*(-12)/(-3). Let o = 143 + k. Suppose 5*s = g + 17, s = -5*g - s + o. List the prime factors of g.
2
Let y(o) = o**3 - 8*o**2 + 2*o - 7. Let d be y(7). What are the prime factors of d/4*22/(-33)?
7
Let c(w) = -4*w + 0*w + 3*w + 13. List the prime factors of c(7).
2, 3
Suppose 0 = 4*d + a - 5, 0*a + a = d. Let j = 5 - d. List the prime factors of j - -2*3/(-6).
3
Let t(x) = x**2 - 7*x - 16. Suppose 2*q - 5*p = 17, -2 = q + 5*p - 18. What are the prime factors of t(q)?
2, 7
Suppose 0*k + 4*k = 132. What are the prime factors of k?
3, 11
Suppose 4*j = 6*j - 8. Suppose 0 = 2*l, -4*b - l + 2*l = j. List the prime factors of -1 - 1 - (b + -13).
2, 3
Let b = 2 - 2. Suppose j + 64 = -5*o + 159, b = -2*j. What are the prime factors of o?
19
Suppose 3*v = 2*v + 51. Let x = v + -28. What are the prime factors of x?
23
Suppose -u - 2*s + 6 - 14 = 0, -3 = -4*u - s. Let v(l) = l - 10. Let t be v(9). List the prime factors of t/((-3)/(84/u)).
2, 7
Let r be 1 + -1 - (6 - 1). Let a = 9 - r. List the prime factors of a.
2, 7
Let d(x) = 14*x + 2. Suppose -4*o + o = 4*j - 19, -2*j - 18 = -4*o. List the prime factors of d(j).
2
Let w(t) = -2*t + 1. Let f be (2/(-4) - -2)*-2. List the prime factors of w(f).
7
Let z = 2 + 0. List the prime factors of (3/z)/((-15)/(-40)).
2
Suppose 0 = 31*r - 29*r - 224. List the prime factors of r.
2, 7
Let r be (29/4)/((-13)/(-52)). What are the prime factors of r/5 - 3/(-15)?
2, 3
Let s be 20/4*4/(-10). Let b be (1/s)/(3/42). Let o(z) = -z**3 - 8*z**2 - 9*z - 4. What are the prime factors of o(b)?
2, 5
Let h(k) = 2*k**2 - 1. Let f be (5 - 1) + -1 + -1. List the prime factors of h(f).
7
Suppose 10 = -5*w, -3*t = 2*w + w + 6. Suppose 2*h - 3*u = 83, -h + 36 = -t*u + 4*u. List the prime factors of h.
2, 5
Let i(x) = x**2 - 9*x + 8. Suppose m - 4 = -0*m. Suppose n = s - 11, n + 38 = -m*s + 8*s. What are the prime factors of i(s)?
2
Let l be (-6)/(-4)*(-4)/(-3). Suppose 5*d + 5*g - 110 = 0, 3*d - 21 = -l*g + 48. What are the prime factors of d?
5
List the prime factors of -1 - 1*(-3 - 34).
2, 3
Suppose -4*s + 10 - 2 = 0. Suppose -2*y + 16 = s*y. List the prime factors of y.
2
Suppose 0*s = 4*s - 188. What are the prime factors of s?
47
Let g = -234 + 348. List the prime factors of g.
2, 3, 19
Let t(z) = 23*z**3. What are the prime factors of t(1)?
23
Let u = 2 + 1. List the prime factors of 2*(u + (-12)/(-8)).
3
What are the prime factors of (-28)/((1 - -2)/(-3))?
2, 7
Let l(p) = -9*p - 8. Let n be l(-6). Suppose 0 = -v - 11 + n. List the prime factors of v.
5, 7
Suppose 5*y - y = -5*h + 280, h + y = 56. Suppose c + 14 = 2*c - 2*m, 5*m = 4*c - h. Let t = c + -2. List the prime factors of t.
2, 3
Let k(l) = -8*l. Let y be k(-1). Suppose -n + 3 = -y. List the prime factors of n.
11
Let s be (-2)/((-197)/98 - -2). Suppose -r - 2*k = -42, -4*r - k + s = -0*k. Suppose 0 = -5*o - 3*w + 4 + 16, 5*o = 3*w + r. What are the prime factors of o?
7
Let c(z) = z**3 + 2*z**2. Let y be c(-2). Suppose 0 = -4*w - y*w + 52. List the prime factors of w.
13
Let o = -77 - -170. List the prime factors of o.
3, 31
Suppose 0 = 3*x - 3, -5 = 3*g - 8*g + 5*x. Suppose 2*r + 7 = 5*v - 24, 2*v - g*r - 16 = 0. Suppose v*h - 11 + 1 = 0. What are the prime factors of h?
2
Suppose 0 = 11*y - 10*y - 137. List the prime factors of y.
137
Suppose 469 - 147 = 7*s. List the prime factors of s.
2, 23
Let w(s) be the first derivative of s**2/2 - 7*s + 1. Let p be w(5). What are the prime factors of (2/(-2))/(p/6)?
3
Let a be (20/6 - 2)*6. Let n be (0 - -1)*(a - 3). Suppose n*z - 50 = -0*z. What are the prime factors of z?
2, 5
Suppose 900 = 5*p + u, 0 = u + u + 10. What are the prime factors of p?
181
Suppose 3*i = 4*p - 290, -3*i - 361 = -2*p - 3*p. What are the prime factors of p?
71
Let j = -5 + 6. Suppose 0*h = -2*n - h - j, -4*n = -h - 13. Suppose -n*z = -z + y - 15, 3*z - 35 = -y. What are the prime factors of z?
2, 5
What are the prime factors of 48*(3/(-4))/(-1)?
2, 3
Suppose -13 = 3*u - 37. What are the prime factors of u?
2
Suppose 0 = g - 4*g - v - 21, -g = v + 9. Let b(k) = -k**2 - 9*k + 5. Let a be b(g). Let h = a - 16. List the prime factors of h.
7
Suppose -4*z + 3 = -z. Suppose -o + 7 = z. What are the prime factors of o?
2, 3
Suppose 3*t = 6 + 6. Suppose -25 = j - 5*q, t = -4*j + 3*q - 11. Suppose j = -4*g - 0*g + 52. What are the prime factors of g?
13
Suppose 5 + 340 = 5*l. List the prime factors of l.
3, 23
Suppose -j + 6 = 3. Let y(x) = 1 - 5 - 2*x + j*x + 3. List the prime factors of y(3).
2
Let a(r) = 6*r**2 + 2 - 3*r**2 + 2*r**2 + 2*r**2 + 4*r. What are the prime factors of a(-2)?
2, 11
Let t(b) = -b**2 + 21*b + 19. What are the prime factors of t(20)?
3, 13
What are the prime factors of (-8)/(-2) + (-2299)/(-11)?
3, 71
Let s be ((-4)/(-6))/((-1)/(-3)). Let u(z) = -3*z**3 + 2. Let a be u(s). What are the prime factors of (a/8 + 2)*-8?
2, 3
Let u(a) = -5*a + 1. Let o be u(-10). Let h = -36 + o. List the prime factors of h.
3, 5
Suppose 4*w + 7 = 4*y - 25, -5*w - 16 = -y. Let v = y + -2. List the prime factors of (-2)/(0 + v/(-10)).
5
Let a be (6/(-7))/((-4)/28). Let m(y) = -y**2 + 8*y - 8. What are the prime factors of m(a)?
2
Let k = 243 + -137. What are the prime factors of k?
2, 53
Suppose 4*c = 8 - 0. Suppose c*d - 3*d = -3, -5*s = d - 18. Suppose s*q - q = 30. What are the prime factors of q?
3, 5
Let g = 3 - -1. Suppose 176 = -0*z + g*z. List the prime factors of z.
2, 11
Suppose -4*w = 42 + 162. Let v be (-2)/7 + w/(-7). Suppose -3*y = -3*d + 5*d + v, -2*y = -4*d + 26. List the prime factors of d.
2
Suppose -4*k = -16 - 0. Suppose 0 = 3*o - 2*s - 40, 2*s = -k*o + 50 + 8. List the prime factors of o.
2, 7
Let j = 3 - 5. Let q = j - -5. Let f(y) = y**3 - y**2 - y - 4. What are the prime factors of f(q)?
11
Let w(b) = 2*b**2 + 2*b - 1. Let g be w(-3). Let s = g + -8. Suppose -2*u - 2*x - 17 = -3*u, x + s = 0. List the prime factors of u.
11
Suppose 4*x - 807 = -4*n + 105, 4*n - 5*x - 921 = 0. What are the prime factors of n?
229
Suppose 4*o + 2*s - 136 = 0, -3*s = -0*s + 6. Let p = o + -14. List the prime factors of p.
3, 7
List the prime factors of (19 - 20)*(-90)/2.
3, 5
Let x be (3/2)/(24/656). Let t = x + -8. List the prime factors of t.
3, 11
Let p(m) = 3*m**2 - 12*m + 6. What are the prime factors of p(5)?
3, 7
Let f(w) = 2*w + 2. Let g = -14 - -24. What are the prime factors of f(g)?
2, 11
Suppose 35*v - 62 = 34*v. List the prime factors of v.
2, 31
Suppose 2*c - 178 = c - 2*k, k = -4*c + 712. List the prime factors of c/8 + 10/(-40).
2, 11
Suppose 7